 195900743 composite?
True
Is 2630745413 a prime number?
True
Is 1890318029 prime?
False
Is 1471217263 prime?
False
Is 9197565761 composite?
True
Is 4453389569 composite?
False
Is 35361690013 a prime number?
False
Is 5113381357 prime?
False
Is 94331596883 a prime number?
True
Is 112774841 prime?
True
Is 743939447 prime?
True
Is 16710755377 a prime number?
False
Is 4713903037 composite?
False
Is 1648018091 composite?
True
Is 180652733 a prime number?
True
Is 122235110959 prime?
False
Is 1298079235 a composite number?
True
Is 117041521 a prime number?
True
Is 41164676599 a prime number?
False
Is 4315732567 a prime number?
True
Is 446497596205 composite?
True
Is 236225753 prime?
False
Is 9647807023 a composite number?
True
Is 8590434142 prime?
False
Is 3259410359 prime?
True
Is 2884953697 a prime number?
True
Is 8738736623 prime?
True
Is 95444081 composite?
False
Is 2356363615 a composite number?
True
Is 2696228927 composite?
True
Is 36538623703 a composite number?
True
Is 2297122517 a composite number?
False
Is 12904739591 a composite number?
True
Is 54413878319 a prime number?
True
Is 119842759 a prime number?
False
Is 2279861081 a composite number?
True
Is 55846011043 a prime number?
True
Is 41213577137 a composite number?
False
Is 2260267277 a prime number?
True
Is 137773617541 composite?
True
Is 651207827 a prime number?
True
Is 94172473 prime?
True
Is 2941079641 a composite number?
False
Is 73711259611 prime?
False
Is 36363725185 prime?
False
Is 415279759 a composite number?
True
Is 5487469459 prime?
False
Is 2665438417 a composite number?
True
Is 923116823 composite?
True
Is 128826086 a composite number?
True
Is 14215243759 prime?
True
Is 1306454323 a prime number?
False
Is 28632023319 composite?
True
Is 1162759769 a composite number?
False
Is 4014580087 prime?
False
Is 513685147 prime?
True
Is 3788659031 prime?
True
Is 1637694103 a composite number?
True
Is 1081594873 prime?
True
Is 10957865309 composite?
False
Is 14429876269 a prime number?
True
Is 2214410683 prime?
True
Is 1880603761 composite?
False
Is 2743725667 prime?
False
Is 34033463593 a prime number?
True
Is 4786291 prime?
True
Is 1980269581 a composite number?
True
Is 301133492353 a composite number?
False
Is 1267590083 a prime number?
False
Is 76089109 a composite number?
False
Is 18256735873 prime?
True
Is 1076411093 composite?
True
Is 13520258509 composite?
False
Is 37198962595 a composite number?
True
Is 256537439 a composite number?
True
Is 25362548941 composite?
False
Is 101041940543 a composite number?
False
Is 19571486371 a composite number?
False
Is 1503865483 prime?
True
Is 15851761451 prime?
True
Is 338875259 composite?
True
Is 24327550587 composite?
True
Is 57302567 a prime number?
False
Is 24208344415 a composite number?
True
Is 6006157097 prime?
False
Is 21833723729 prime?
True
Is 29038080899 composite?
True
Is 127994717057 composite?
True
Is 7552094489 a prime number?
True
Is 3644665067 a composite number?
False
Is 180487455745 prime?
False
Is 1479177017 prime?
False
Is 36601679399 a prime number?
False
Is 1174818758 a composite number?
True
Is 1870699247 a composite number?
True
Is 4183484911 prime?
True
Is 48192508919 composite?
False
Is 9830497993 a composite number?
True
Is 14353319329 composite?
False
Is 8560983001 composite?
False
Is 282033719 composite?
True
Is 1302432323 a prime number?
True
Is 509210591 composite?
True
Is 45228616523 composite?
False
Is 1517034179 prime?
False
Is 14949301711 composite?
False
Is 29705853073 prime?
False
Is 2535032233 a composite number?
False
Is 1439641939 composite?
False
Is 324242131 a composite number?
True
Is 1238053897 a composite number?
False
Is 8250519943 a prime number?
False
Is 1735578719 composite?
True
Is 2377875259 a prime number?
True
Is 506994341 a prime number?
False
Is 33499955473 prime?
False
Is 13429415939 a composite number?
True
Is 1954541041 composite?
True
Is 93237323 composite?
False
Is 5787105223 prime?
True
Is 2490393201 prime?
False
Is 3210383057 a composite number?
True
Is 3390325681 a composite number?
True
Is 18661499 composite?
False
Is 2594438879 composite?
False
Is 2712766183 composite?
False
Is 759206993 composite?
False
Is 173813603 a composite number?
False
Is 41911658027 a prime number?
False
Is 3479581999 prime?
True
Is 1973251723 a composite number?
False
Is 1820651293 a prime number?
True
Is 3228649961 a composite number?
False
Is 7441080869 prime?
True
Is 45837031259 composite?
False
Is 11545481131 composite?
True
Is 4659979253 composite?
True
Is 16011745381 a composite number?
False
Is 5201302523 prime?
True
Is 3660309109 composite?
False
Is 2138022011 prime?
False
Is 296053129 a composite number?
True
Is 163470458 prime?
False
Is 310038431 composite?
False
Is 438236531 prime?
True
Is 463518949 prime?
False
Is 387909763 composite?
False
Is 4682812205 a prime number?
False
Is 44310585337 a composite number?
True
Is 4900519567 a composite number?
False
Is 2640551561 a prime number?
True
Is 251562967 prime?
True
Is 3509423773 prime?
True
Is 1016939193 composite?
True
Is 2389511921 a composite number?
False
Is 4998891563 a composite number?
False
Is 961872341 a composite number?
True
Is 7159848143 prime?
False
Is 6483260363 a composite number?
False
Is 4992128417 composite?
False
Is 25126116593 a composite number?
False
Is 533084507 a prime number?
True
Is 6603151891 a composite number?
True
Is 69159317 a composite number?
False
Is 145931137 composite?
True
Is 432771853 composite?
False
Is 80662019 a composite number?
False
Is 34889122517 prime?
False
Is 78859820531 a prime number?
False
Is 6377153 composite?
False
Is 2027747653 a prime number?
True
Is 3312392581 prime?
True
Is 4403699887 a composite number?
False
Is 17959647443 a composite number?
True
Is 7721094797 a prime number?
False
Is 2686994957 a prime number?
True
Is 603808031 a composite number?
False
Is 1291338467 prime?
True
Is 11771306473 a prime number?
True
Is 582491359 a prime number?
False
Is 798584971 a prime number?
True
Is 2724923491 composite?
True
Is 5084047883 a prime number?
False
Is 2201395289 prime?
False
Is 971484403 prime?
True
Is 34824959147 a composite number?
True
Is 5966198729 a composite number?
True
Is 41692925977 a composite number?
False
Is 7117219859 a prime number?
True
Is 3097668817 prime?
False
Is 476283971 a prime number?
True
Is 15329901733 a composite number?
False
Is 2991480938 a composite number?
True
Is 91383791821 a prime number?
False
Is 1636636361 a prime number?
True
Is 81865067117 prime?
False
Is 116197921 prime?
False
Is 2981555123 prime?
False
Is 14353955303 composite?
True
Is 23621149 a composite number?
True
Is 725517787 composite?
False
Is 718200973 prime?
False
Is 372840893 prime?
True
Is 1315669183 prime?
True
Is 9168199 prime?
False
Is 6625681 a prime number?
False
Is 517356989 prime?
True
Is 2439415193 prime?
False
Is 5014406917 prime?
False
Is 7137259387 a composite number?
False
Is 295231787 composite?
True
Is 82076531611 prime?
True
Is 35191764263 a composite number?
True
Is 190935791 a composite number?
False
Is 16136699977 a prime number?
True
Is 2771995207 a composite number?
True
Is 7659932633 prime?
True
Is 4858763359 composite?
True
Is 2962761793 a composite number?
False
Is 677264563 prime?
False
Is 55273343122 composite?
True
Is 89464398962 a prime number?
False
Is 42909575663 a composite number?
False
Is 1744200739 a prime number?
True
Is 984441907 prime?
True
Is 103479227 prime?
True
Is 1793209277 a prime number?
False
Is 948970237 a prime number?
False
Is 333653587 composite?
False
Is 5859844799 a prime number?
True
Is 1840091871 prime?
False
Is 505313087 a prime number?
False
Is 223292023 prime?
True
Is 45170897 a prime number?
True
Is 271288273 prime?
True
Is 1470145109 prime?
True
Is 642540323 prime?
False
Is 4514119513 prime?
False
Is 234364723 a composite number?
False
Is 50034781 prime?
True
Is 316381739 prime?
False
Is 71346167107 a prime number?
False
Is 7931379161 a prime number?
True
Is 8743489 composite?
False
Is 11502171193 a composite number?
False
Is 229484219113 prime?
True
Is 45573485173 a prime number?
False
Is 145915193609 a prime number?
False
Is 870648377 composite?
False
Is 310626637 a composite number?
False
Is 1460959127 prime?
True
Is